atest common divisor of c and 70?
10
Let o = -3933 + 4671. What is the highest common divisor of o and 90?
18
Let k(t) = 3*t**2 + 14*t + 13. Suppose -32*p = -27*p + 65. Let m be k(p). Suppose 14*a - a - m = 0. What is the highest common divisor of 312 and a?
26
Let t = 159 + 9. Let w be (t/16)/(-2 + (-11)/(-4)). What is the greatest common divisor of w and 8?
2
Let p(j) = -j**3 - j**2 - j + 1. Let m(g) = -7*g**3 - g**2 + 6*g - 18. Let k(d) = m(d) - 6*p(d). Let f be k(6). Calculate the highest common factor of 6 and f.
6
Let u = -24592 - -24599. Let k(x) = 2*x**3 + 4*x**2 - 2*x - 4. Let t be k(5). What is the highest common factor of t and u?
7
Let h be ((-2 - (-11522)/(-63)) + 6/(-54))/((-48)/96). Let g(t) = -24*t + 4. Let b be g(-6). What is the greatest common divisor of b and h?
74
Let w(f) = 6*f**2 - 25*f + 9. Let c be w(6). Let b be 22*50/(-30)*45/(-6). Calculate the highest common factor of b and c.
25
Let p be 4386/(-5)*(2010/536)/(6/(-80)). Calculate the greatest common divisor of 12 and p.
12
Let i = 189 - 165. Suppose -11*s = -2*k - 6*s + 59, -25 = -5*s. Calculate the greatest common factor of i and k.
6
Suppose -253 - 153 = -19*p - 102. What is the greatest common factor of 8144 and p?
16
Let f(l) = 108*l - 94. Let k be f(1). Calculate the highest common divisor of 1743 and k.
7
Suppose -42*s + 28145 = -17971. What is the greatest common divisor of s and 1586?
122
Let i = 14512 + -11777. What is the greatest common divisor of i and 20?
5
Let w(r) = -r**2 - 6*r + 132. Let d be w(-14). Suppose -d*i + 1926 + 1074 = 0. Calculate the greatest common divisor of i and 12.
6
Let q = 55 - 43. Let c(d) = 31*d**3 - 3*d**2 + d + 1. Let t be c(1). Calculate the greatest common factor of t and q.
6
Let q(c) = -c**2 + 18*c - 5. Let o be q(17). Let y(r) = 1 + o*r + 9 + 10. Let z be y(11). What is the highest common divisor of z and 19?
19
Suppose -10*j = -18 - 32. Suppose j*f - 230 = -5*f. Let t be -20*(f/(-5) - -4). Calculate the greatest common factor of t and 4.
4
Let k be ((-1)/(-2))/(16/2432). Suppose 0 = -4*v + h - 14 + 86, 2*h = -4*v + 84. Calculate the highest common divisor of k and v.
19
Let n = 179 + -179. Suppose n = -9*g + 5*g + 1600. Calculate the greatest common factor of 10 and g.
10
Let z be (13 + -14)*-3 - -15. Let x = -22 - -31. What is the greatest common divisor of z and x?
9
Let l(u) = -5*u**3 - 639*u**2 - 1136*u - 248. Let n be l(-126). Suppose -5*g = 3*c - 35, -16 = -g - 2*c - 2. Calculate the greatest common divisor of n and g.
4
Suppose -19 = 4*o - 111. Let l be (-3)/(-8) + (-33)/24 + -825. Let k = -665 - l. What is the highest common factor of o and k?
23
Suppose y + 9*g - 41 = 5*g, 2*g = y - 47. What is the greatest common divisor of 18 and y?
9
Let t(b) be the first derivative of -b**2 + 3*b**2 - b**2 - 2*b - 8 + b**3 - 3. Let o be t(-3). What is the highest common factor of 152 and o?
19
Let b(k) = 5*k + 9. Let y be b(-2). Let m be (1/2)/(y/(-504)*-4). Let g = m - -74. Calculate the highest common divisor of g and 11.
11
Let c be 255 - (350/(-25) + 25). Calculate the highest common factor of c and 10004.
244
Let n(r) = r**3 - 26*r**2 + 48*r + 3. Let y be n(24). Let p = -9 - -11. Suppose p*m - 4*m + 42 = 0. Calculate the greatest common factor of m and y.
3
Suppose 0 = -l - 402 + 117. Let r = 301 + l. What is the highest common divisor of 256 and r?
16
Let j(r) = r**3 - 21*r**2 - 51*r + 732. Let s be j(22). Calculate the greatest common divisor of s and 188.
94
Suppose -5*p + 2273 - 620 + 3397 = 0. Calculate the highest common divisor of 20 and p.
10
Suppose s - 414 = -3*k - 4*s, 2*s = 2*k - 292. Suppose 5*y - k = 7. What is the highest common factor of y and 20?
10
Let l = 3674 + -3671. Calculate the highest common factor of 474 and l.
3
Suppose 2*i = 3*b - 0*i - 5, -17 = b + 4*i. Let v = -18 - -2. Let a = b - v. What is the highest common divisor of 10 and a?
5
Let u = 7829 + -7709. Calculate the highest common factor of 8340 and u.
60
Let j(r) = 4*r**2 - 23. Let k be j(9). Suppose -q + 3*h = 7*h - k, -q + h + 326 = 0. Let d = -191 + q. Calculate the highest common divisor of 10 and d.
10
Suppose -2*z = -s - 1097, 1337 = -2*z - 4*s + 2449. Suppose -3*o + d = -148, -4*o + 252 = o + d. What is the greatest common divisor of o and z?
50
Suppose 0 = 2*v - 38 + 6. Let y(u) = -u**3 + 45*u**2 - 349*u + 85. Let q be y(35). What is the greatest common divisor of v and q?
8
Suppose 2*j = -2*l + 52220, 38*l = 4*j + 34*l - 104456. What is the greatest common factor of j and 204?
204
Let b = 36032 - 33784. Calculate the greatest common divisor of b and 28.
4
Suppose 0 = 4*h - 11*h - 35. Let u = 25 - h. Suppose 5*r - 226 = -f, r - 59 + 13 = -f. Calculate the greatest common divisor of r and u.
15
Suppose 0 = -4*d - d + 910. Suppose -1019*x + 1041*x = 1430. What is the highest common factor of x and d?
13
Let k(d) = d**3 + 22*d**2 + 19*d - 17. Let w be k(-21). Suppose w*m = 24*m + 1. Let p be (-8)/4*-2*m. Calculate the greatest common divisor of p and 6.
2
Suppose -9*s + 69*s - 107156 = -29*s. Calculate the highest common divisor of s and 129.
43
Let d(q) = -87*q + 5178. Let l be d(-45). Calculate the greatest common divisor of 21 and l.
21
Suppose -198*u + 16016 = -170*u. Calculate the greatest common factor of 1287 and u.
143
Suppose 0 = -5*q + 40, -z + 617 - 213 = q. What is the greatest common divisor of 68 and z?
4
Suppose 0 = 21*h - 23*h + 4. Suppose h*n + 6 = 5*n. Let v be 0/n + (2 - -42). What is the greatest common factor of v and 11?
11
Let u be 212 + (-3 - (-2 + -1)). Suppose 9*c - 100 - 377 = 0. Calculate the highest common divisor of c and u.
53
Suppose 32*x - 68*x + 124 = -34*x. Calculate the highest common divisor of x and 7843.
31
Let n be 14*(-14)/(-12) - 7/21. Suppose 37 = n*i - 747. Calculate the greatest common divisor of i and 441.
49
Let x(z) = -3*z**3 - 8*z**2 + 2*z + 22. Let p be x(-4). What is the greatest common factor of p and 12441?
39
Suppose 0 = -5*n + 128*n + 2675 - 11531. Suppose 3*d = 2*d + 9. Suppose 3*y - 45 = d. What is the greatest common factor of n and y?
18
Let i be 13 + (4 - -490) + (9 + -3 - 3). What is the greatest common divisor of 1479 and i?
51
Suppose -5*q - 4*i + 1617 = 0, 16*q + 5*i - 623 = 14*q. What is the highest common divisor of 752 and q?
47
Let h(k) = 1847*k - 2091. Let p be h(13). What is the highest common factor of p and 160?
160
Let v(w) = w**2 + 10*w - 34. Let k be v(-13). Suppose 0 = 3*j - u - 85, 0 = -k*u + u + 20. Calculate the highest common factor of 70 and j.
10
Suppose 15*a - 16*a = 440. Let y = -402 - a. What is the greatest common factor of 95 and y?
19
Suppose -8*l + 10*l - 206 = 0. Let c = -118 + l. Let p = 21 + c. What is the highest common divisor of p and 6?
6
Suppose 4*x - 393 = -4*g - 153, -4*x + 176 = 3*g. Calculate the greatest common divisor of g and 62.
2
Let a(u) = -6*u**2 + 145*u - 30. Let k be a(22). Calculate the greatest common factor of 3456 and k.
128
Let l = -3313 - -3565. Calculate the highest common factor of l and 2436.
84
Suppose 3*d + 23 = -13. Let u(c) = 13*c**3 + 18 + 11*c**2 - 9826*c + 9813*c - 12*c**3. Let k be u(d). What is the highest common divisor of 75 and k?
15
Let z = -11475 + 12889. What is the greatest common divisor of 28 and z?
14
Let f = 256 + 25. Let r = 908 - f. Calculate the greatest common factor of 57 and r.
57
Let d(c) = c**3 + 11*c**2 + 6. Let z be 16/(-2) + -6 + 9. Let i be d(z). What is the greatest common divisor of i and 12?
12
Let b = -223 - -216. Let t be (-16)/(-28) - -80*(-1)/b. What is the highest common divisor of 96 and t?
12
Let h be 21/(1*(0 - -1)). Let t(i) = 10*i - 27. Let s be t(-9). Let c be (-369)/s + (-4)/26. What is the highest common factor of c and h?
3
Suppose -16*z - 7*z + 5383 + 3587 = 0. Calculate the greatest common divisor of z and 42.
6
Let x = 1788 - 1138. What is the greatest common factor of x and 200?
50
Let n be (72/15 + 9/45)*123. Let t be (-5)/(-2) + (n/(-10))/(-3). Calculate the highest common divisor of t and 115.
23
Let w be 0 + 2 - 11/(-11). Suppose 5*a + 5 = -0*a. Let f = 4 + a. What is the greatest common factor of w and f?
3
Suppose -262*o + 2791 = -22*o - 1289. What is the highest common divisor of 7174 and o?
17
Let x be (102/(-68))/((-2)/(-212))*102/(-306). Let p be (